)) + 0 composite?
True
Suppose 2*i + 2*u + 172 = 0, 0*i - u - 264 = 3*i. Let v = i + 144. Is v a composite number?
True
Let w = -714 - -1021. Is w a prime number?
True
Let a = -195 - -386. Is a a composite number?
False
Suppose 66 = 3*m + 9. Is m a prime number?
True
Suppose -2*z + z = -40. Suppose z = -5*y + 215. Is y a prime number?
False
Suppose -4*f + 8 = -2*f. Suppose -2 + 18 = f*y. Is y/(-6) - (-264)/18 composite?
True
Suppose -h + 0*h = -37. Suppose -h - 352 = -q. Is q a prime number?
True
Let m(n) = 33*n + 5. Let u be m(-5). Let p = 365 + u. Is p a composite number?
True
Let w = 0 - -2. Suppose 3*n + 200 = -2*z + 7*z, w*n = -10. Is z prime?
True
Suppose -2*p = 209 - 1039. Is p prime?
False
Suppose 2*m = -0*m. Suppose m = j + i + 2*i - 353, -4*i = -j + 339. Is j a composite number?
False
Let b(l) = l**3 + 8*l**2 + 5*l - 7. Let v(h) = h**3 - 6*h**2 + 5*h - 6. Let r = 8 - 3. Let o be v(r). Is b(o) a prime number?
False
Let t(k) = 3*k. Is t(13) composite?
True
Let n(z) = -z**3 - 3*z**2 + 5*z - 2. Let h(x) = -x**2 - 7*x + 5. Let i be h(-8). Let l be (-3 - -2)*2 + i. Is n(l) composite?
False
Let q = 991 - 660. Is q prime?
True
Let n = 10 - -68. Suppose -n = 5*c - 1093. Is c a prime number?
False
Let d = -3 - 3. Let c = d + 10. Suppose 0 = -4*p + 1 + 7, -2*p - 96 = -c*o. Is o a prime number?
False
Suppose m - 88 = y - 6, -2*y - m = 179. Let u be y/9 + (-1)/3. Is (55/(-2))/5*u a composite number?
True
Let g = -4 + 9. Suppose d + 3*d - 415 = -g*f, 3*d + 3*f - 312 = 0. Suppose 5*n - d = -0*n. Is n a prime number?
False
Let b(m) = 2*m**3 - 5*m**2 + 6*m + 8. Is b(7) a prime number?
True
Let b be 2/1 - 3/(-1). Let n = 10 - b. Suppose 3*d + 3*q - 87 - 18 = 0, -84 = -2*d + n*q. Is d a composite number?
False
Let r(y) = y**2 - y + 7. Suppose -3*v + 9 = -u - 6*v, 5*v = -25. Is r(u) composite?
False
Suppose 0*o + 4 = 4*o. Suppose -3*i - 4 = -3*b - o, -8 = -3*b + 2*i. Suppose -b*x = -2*g - 3*x + 157, 0 = -5*g + 3*x + 406. Is g prime?
True
Let i = -5 - -11. Let y(b) = -b + 10. Let c be y(i). Suppose 0 = -c*r + 15 + 77. Is r prime?
True
Let g(x) = 2*x**2 - 9*x - 6. Let z be g(7). Suppose l - 66 = 4*s, l - 5*s - 38 = z. Is l a prime number?
False
Let n = 37 + -88. Let l = n - -134. Is l prime?
True
Suppose -3*f + n - 4*n = 30, -f - 5*n + 6 = 0. Let u be 4/10 - f/(-10). Is (-15)/(3/(u + -2)) prime?
False
Let t = 30 + 13. Let g = -18 + t. Is g prime?
False
Is -4 + -3 + 1 + 1147 composite?
True
Suppose 2*f - 422 = -4*w, 5*f + 4*w - 5 = 1044. Suppose -75 + f = 2*o. Is o a composite number?
False
Suppose 3*y = -y + 2*a + 4348, 3261 = 3*y - 2*a. Is y a prime number?
True
Let r(u) = u**2 - 2*u - 2. Let i be 1/4 + 22/8. Let t be r(i). Is 2*(237/6)/t a composite number?
False
Suppose 3*h - 153 - 429 = 0. Is h a composite number?
True
Let y(v) = -v**3 + v + 6. Let r be y(0). Suppose r*u = 3*u - 5*n - 10, 2*n = 2*u - 20. Suppose 0 = -3*k + 4*q + 2, u*k + 2*q = 38. Is k prime?
False
Suppose 5*h + 48 = h. Let z be (11 + -1)*h/8. Let d = 26 + z. Is d a prime number?
True
Let m(d) be the second derivative of -d**3/6 - 4*d**2 + 2*d. Let g be m(-7). Is 0 + g/(1/(-65)) prime?
False
Suppose 38 = l + 4*j + 11, 0 = 4*l - 3*j - 70. Is l a composite number?
False
Suppose -h + 12 = -34. Is h a composite number?
True
Let w be (1 - -2)/((-12)/(-20)). Suppose 0 = -w*k + k - 48. Let z = k - -27. Is z a composite number?
True
Let c(r) = 2*r**2 + 3*r - 3. Let f be c(-3). Suppose -3*v + 0*m - m = -6, 0 = -3*v + m + 6. Suppose 2*w + f = 0, -2*w = 5*x + v*w - 18. Is x composite?
True
Suppose -2*d = -2*u - 1006, -3*d - u - 3*u + 1481 = 0. Is d prime?
True
Is (-5)/(5/(-127))*1 prime?
True
Let j(l) = l**3 - 2*l**2 + 3*l - 3. Let c be j(2). Suppose -y + 3*o + 31 = 0, -5*o + 31 = c*y - 2*y. Is y composite?
False
Suppose 2 = 2*s + 10. Is 2/(s/422)*-1 composite?
False
Let n be (-6)/(57/21 + -3). Let r be 112*2*54/n. Suppose 0 = 2*c - 4*y - 290, 4*c - 4*y - r = -0*c. Is c prime?
False
Suppose 20 = 5*s, 3*b + 0*s + 8 = 2*s. Suppose -4*w - 22 + 106 = b. Is w/2 - 3/(-6) a composite number?
False
Suppose -2*r + 21 = -39. Suppose 0 = v - d - 7, 0 = -3*v + 4*d + r - 6. Is v/(-10) + 234/10 a composite number?
False
Suppose 0 = -2*o + 6*o - 76. Is o a composite number?
False
Suppose 3*l = 5*r + 6, -2*r + 6 = 3*l + 2*r. Suppose 0 = -l*b + 4*b. Let c = b - -15. Is c a prime number?
False
Suppose 5*z + 35 = 5*u, -21 = -u + 3*z - 10. Suppose -2*g + 1166 = m + 3*m, u*m = 4*g + 1477. Is m a prime number?
True
Suppose -j + 4*g = -g - 9, 3*j - 11 = -g. Suppose 3*l + j*s = -7, s - 11 = -l - 4*l. Is -1 + 1 - (l - 226) a prime number?
True
Suppose 13*x = 25*x - 2556. Is x a composite number?
True
Suppose -2*t = 3*r + 73, 0 = 5*r - 0*r - t + 139. Let p = r + 16. Let f = -4 - p. Is f composite?
False
Let m(f) = -f**2 + 11*f + 9. Let d be m(12). Is d/(-12) + 123/4 prime?
True
Let u(y) = -92*y + 27. Is u(-11) a prime number?
True
Let s be -2 - (112/(-2) + -2). Let q = 3 - 2. Suppose -3*k + q = -s. Is k prime?
True
Let b = 311 + -202. Suppose i - b = -3. Is i composite?
True
Let j = -20 - -91. Is j a composite number?
False
Suppose 0 = -4*d - 2*m + 538, -3*m - 1 = -10. Is d prime?
False
Is ((-291)/(-9))/(2/18) composite?
True
Let z = 406 + -81. Let o(q) = q - 198. Let a be o(0). Let t = z + a. Is t composite?
False
Let q(n) = -6*n**2 + 8*n**2 + 2 - 5. Is q(-5) prime?
True
Let i(c) = -94*c**3 - 2*c**2 + c + 1. Is i(-2) composite?
False
Suppose -i + 4*o + 319 = 0, 4*o = -4*i - 0*i + 1216. Is i prime?
True
Suppose 0 = 5*u - 85 - 65. Suppose 214 - u = 4*t. Is t a prime number?
False
Is (5 + -1124)*1/1*-1 a composite number?
True
Suppose -2*a + 4 = -2. Suppose -5 = 2*l - a*l. Suppose 4*f + 35 + 62 = 5*u, 3*f + 99 = l*u. Is u a composite number?
True
Let k be 7*2*1/2. Let t(c) be the third derivative of c**6/120 - 7*c**5/60 + c**4/12 + 4*c**3/3 + 9*c**2. Is t(k) prime?
False
Suppose -b = -2*l - 504, b - 451 = -3*l + 48. Is 3/6*(b - 0) a composite number?
False
Let y(k) = 8*k + 3. Let g be y(8). Is (g/3)/((-1)/(-3)) a prime number?
True
Let k be ((-5)/(-10))/(2/20). Suppose -k*t + 270 = -5*i, -3*t = i - 143 - 23. Is t prime?
False
Let b(k) = -4*k + 1. Let n(y) = 2*y + 4. Let u be n(-4). Let m = u - 2. Is b(m) prime?
False
Let y(c) = -3*c + 1. Let g be y(-1). Let s(q) = 2*q - 3. Let j be s(g). Let a = 2 + j. Is a prime?
True
Let y = -85 + 188. Let d = 156 - y. Is d composite?
False
Is (-8 + 10)/(4/2626) composite?
True
Suppose 61 + 39 = 4*q. Suppose 5*l - 3*l - 4*w - 26 = 0, q = -5*w. Suppose 0*z - 129 = -l*z. Is z prime?
True
Suppose 4*b - 105 = 403. Is b composite?
False
Let x(j) = -21*j**3 + 3*j**2. Let p(y) = -42*y**3 + 5*y**2. Let w(a) = 3*p(a) - 5*x(a). Let d be w(-1). Let i = 40 - d. Is i a composite number?
False
Let k(z) = z - 15. Let n be k(7). Let w be (2/n + 1)*4. Is ((-66)/4)/(w/(-6)) prime?
False
Suppose -3*j - 4*y - 19 = 0, 3*y + 17 = -5*j - 0*j. Let r = j - -5. Suppose 250 = 3*n + n - 2*k, -20 = -r*k. Is n a prime number?
False
Suppose -b + 6*b - 45 = 0. Suppose -a + 88 = b. Is a a prime number?
True
Let s be 8/64 + (-2)/16. Suppose -d + s*d = -43. Is d composite?
False
Suppose -2*z = -5*y - 12, 0*y = -5*z - 3*y - 32. Let d(n) = -n**3 - 2*n**2 + 3*n + 1. Is d(z) composite?
True
Let b(n) = n**3 + 12*n**2 + 11*n + 1. Let f be b(-11). Suppose f = 2*y - 3. Is y composite?
False
Suppose 342 = u - 31. Is u prime?
True
Suppose l - 20 + 17 = 0. Suppose -4*i - 2*f - 2*f + 36 = 0, -l*f + 14 = 2*i. Is i prime?
True
Suppose 2*m - m = -1. Let g = m + 5. Is 55*(-2 + g)/2 a composite number?
True
Is 404 + ((-1)/(-1))/(-1) a composite number?
True
Is 4/32 - (-25500)/32 composite?
False
Let z(c) = -423*c + 1. Let y be z(-1). Suppose 5*v - y = -3*d, 4*d - 2*d - 89 = -v. Is v prime?
True
Suppose 15 = w - 1. Let x = w - -75. Is x composite?
True
Let k(n) = -n**3 - 2*n + 3*n**2 + 5*n + 2 - 4. Is k(3) a composite number?
False
Suppose 0 = -4*m + b + 22, 4*m + 0*m = -b + 18. Suppose 3*r - m*r + 290 = 0. Is r a composite number?
True
Suppose 0 = o + 10 - 40. Let b = o + -68. Let p = 0 - b. Is p prime?
False
Let x = -864 - -551. Let m = -90 - x. Is m a composite number?
False
Let v = 12 - 7. Let z(s) = 7*s - 3 + 9 - 6*s + 4*s. Is z(v) composite?
False
Let v = -3 - -2. Is (-7)/(v - (-6)/7) composite?
True
Is ((-57910)/(-40))/(1/4) a 